- 2. What is the greatest common divisor of 33 and d?
11
Let w = 52 + -23. What is the highest common factor of w and 319?
29
Let b(t) = -t - 2. Let j be b(-5). Suppose -9 = 5*c - 39. Calculate the highest common divisor of j and c.
3
Let w(i) = 2*i**2 + 11*i + 8. Let k be w(-7). Calculate the highest common divisor of k and 29.
29
Suppose -5*a + 3*a + 60 = 0. Let s be (-340)/(-7) + a/70. What is the highest common divisor of s and 7?
7
Let u = 25 + -9. Calculate the highest common factor of 16 and u.
16
Suppose f = 0, 0 = s - 2*f - 2*f - 4. What is the highest common divisor of 4 and s?
4
Suppose 14*a - 45 = 11*a. Calculate the highest common factor of a and 75.
15
Suppose 3*h - 68 - 31 = 0. Suppose -z = -2*z + h. Let j be 3/(-6) - (-46)/4. What is the greatest common factor of z and j?
11
Let m = -383 - -395. Suppose -2*r - 103 = -271. What is the greatest common divisor of m and r?
12
Suppose -5*u + 86 = -274. Suppose -5*m + u = -8. What is the greatest common divisor of m and 64?
16
Let i(s) = 50 - 26 - 7*s + s**2 - 37. Let k be i(9). Calculate the greatest common factor of k and 45.
5
Suppose -3*w + 25 + 14 = 2*h, 4*w - 69 = 3*h. Let a(m) = -226*m**2 - 2*m + 1. Let o be a(1). Let y = -92 - o. Calculate the highest common divisor of y and w.
15
Let f be 1 - (1/(-1) - 1). Suppose f*d - 199 = 113. Let x(s) = s + 13. Let y be x(0). What is the highest common factor of y and d?
13
Let q(h) = -h**3 + 6*h**2 - 5*h + 3. Let g be q(4). What is the greatest common factor of g and 15?
15
Suppose 5*m - 2*m - 201 = -o, 3*m - 2*o = 210. Let a = m - 13. Let g = 11 + -6. Calculate the greatest common divisor of a and g.
5
Let i(s) = 0*s - 4 - 2*s - 1. Let b be (-10)/(-4)*8/(-4). Let j be i(b). What is the greatest common divisor of 20 and j?
5
Let g = 8 - 3. Let v be (-1 + g)*(-39)/(-2). Suppose 26 = 2*r - v. What is the highest common factor of r and 13?
13
Let y(u) = u**2 + 3*u + 5. Let d be y(-6). Let p(m) = 27*m**2 - 9*m + 14. Let x be p(3). What is the highest common divisor of d and x?
23
Let w(h) be the third derivative of h**4/6 - 2*h**3/3 + 6*h**2. Let l be w(3). What is the greatest common divisor of l and 40?
8
Let h = 4 + 0. Suppose 0 = -2*b - 2*b + 20, -h*b + 25 = a. Let o be 396/(-30)*a/(-2). Calculate the highest common divisor of 3 and o.
3
Let x be (4/5)/((-1)/5). Let o(t) = t**2 - t - 4. Let r be o(x). What is the highest common factor of r and 16?
16
Let q = -41 + 59. Calculate the highest common factor of q and 45.
9
Let t = -70 - -71. What is the greatest common divisor of t and 9?
1
Let c(y) = y**2 - y - 1. Let i be c(3). Calculate the greatest common factor of 2 and i.
1
Let x(j) = 2*j**3 + 4*j - 4. Let p be x(3). Suppose -t - 17 = -p. What is the highest common factor of t and 9?
9
Let f be ((-2)/(-2))/1*3. Suppose 2*x = 4*g + 52, -2*g = -4*x + f*g + 95. Let a = -45 + 55. What is the highest common factor of a and x?
10
Let a = 108 + -84. Calculate the highest common factor of a and 168.
24
Suppose -5 - 39 = 4*c. Let f = 27 + c. What is the greatest common divisor of 64 and f?
16
Let u(q) = -q**3 + 9*q**2 - q - 1. Let w be u(4). Calculate the greatest common divisor of w and 30.
15
Suppose 0 = 2*s + l - 680, 7*s - 9*s + 5*l + 680 = 0. Calculate the greatest common divisor of s and 20.
20
Let f(v) = 2*v**3 - 2*v**2. Let c be f(3). Let h(m) = -m**2 + 7*m + 3. Let n be h(7). Suppose 21 = y - n. What is the greatest common divisor of c and y?
12
Suppose 2*w - 6*w + 9 = -g, 5*g = -2*w - 1. Let p = w + -6. Let b be (-5)/(10/p) + -1. Calculate the highest common divisor of 11 and b.
1
Suppose m - 48 = -5*m. Calculate the greatest common divisor of m and 40.
8
Suppose 15 = 2*x - 3*l, 3*x - 3*l - 12 = 3. Suppose -78 = -x*p - 2*p. Suppose -4*a = -p - 25. Calculate the greatest common factor of 2 and a.
2
Let g(n) = 13*n**2 + 4. Let s be g(-3). Let x = s - 65. Let c(l) = l**2 + 3*l + 14. Let w be c(0). What is the highest common factor of x and w?
14
Let m(d) = d. Suppose 0 = 2*c - 3*c. Let f be m(c). Suppose 2*i + 5*b - 27 = f, 0 = i + b - 19 - 2. Calculate the greatest common factor of 13 and i.
13
Suppose a - 49 = -4*n - 4, 3*n - 20 = 2*a. What is the highest common divisor of n and 30?
10
Suppose -34 = -x - g - 2*g, -x - 4*g + 39 = 0. Calculate the highest common factor of 19 and x.
19
Suppose 6*q - q + 13 = z, 39 = 3*z + 3*q. What is the greatest common factor of z and 208?
13
Let d(i) = -3*i + 5 + 1 + 2*i. Let y be d(4). Suppose -2*m - 2*v = -8, -m + 0*m = y*v. Calculate the greatest common divisor of 32 and m.
8
Suppose 5*k + 3 - 18 = 0. Calculate the highest common factor of 3 and k.
3
Suppose -4*g + 31 = -13. Let u = 36 - g. Let o be (-2 + -22 - 1)*-5. What is the highest common factor of o and u?
25
Let i(x) = -x**2 + 7*x - 3. Let f be i(6). Let m be (-1 + -74)*f/(-9). Calculate the highest common factor of m and 275.
25
Let f = 16 - 6. Let w(o) = o + 1. Let u be w(-1). Suppose u = g - 72 - 8. What is the greatest common divisor of g and f?
10
Suppose -2*a - 2*a + 20 = 0. Suppose 0 = -4*m + 8, -1 = o - a*m - 2. Let j = 20 - -68. What is the greatest common factor of o and j?
11
Let n(k) = 6*k**2 + 2*k - 1. Let f be n(1). Calculate the greatest common divisor of 63 and f.
7
Let x = 19 + 2. Suppose 3*o - 4*o = -x. What is the highest common factor of o and 3?
3
Suppose a - m = 10, -a + 4*m + 4 = 3. Suppose -g + 366 = -5*r + 1542, 2*r = 2*g + 472. Let p = r + -92. What is the greatest common divisor of a and p?
13
Suppose -b - 3*b = 3*j + 19, 5*j + 17 = -3*b. Let c be (-14)/(b/2) - 3. Suppose -c*k + 137 = -407. Calculate the highest common divisor of 17 and k.
17
Let h = 5 - 0. Calculate the greatest common factor of h and 10.
5
Let h(n) = -62*n**2 - 2*n + 1. Let c be h(1). Let l = c - -112. Calculate the greatest common divisor of 7 and l.
7
Suppose o = -2*o + 18. Let k = 8 - 5. Suppose 33 = o*b - 4*b + k*w, b - 6 = 2*w. What is the greatest common factor of 60 and b?
12
Let v be ((-116)/(-8) + 3)/(1/2). Calculate the highest common factor of 10 and v.
5
Suppose 4*i - 76 = 4*b, 0 = 4*i - 5*b - 73 - 4. Suppose m = 3 - 1, 4*h - m - 6 = 0. Calculate the highest common factor of h and i.
2
Suppose -12 = -3*w + 2*g, 5*w - 4*g - 20 = -0*g. Let h(d) = 0 + d - 1 + 4*d - w. Let z be h(8). What is the highest common factor of z and 5?
5
Let f be (-3)/(6/(-320)) + 0. Let t(c) = -2*c**2 - 4*c - 4. Let i be t(-3). Let u be 0 + (-5)/(i/32). Calculate the greatest common factor of f and u.
16
Suppose 3*q - 5 = o, 4*q - 3*o + 4*o = -5. Let f = -1 - -1. Suppose -3*x + 3*y + 15 = f, 3*x + 5*y = -q*y + 31. Calculate the highest common divisor of 7 and x.
7
Let f be 35/(-3) + 3/(-9). Let c = 81 + f. Calculate the greatest common factor of 23 and c.
23
Let s(a) = -11*a - 3. Let m be s(-2). Let q = m - 5. Calculate the highest common divisor of q and 21.
7
Let l(u) = 6*u**2 + 2*u + 1. Let s be l(3). Let o = 101 - s. Suppose -5 = 2*v - 21. What is the highest common factor of o and v?
8
Let x be -1*1 + 49 + -12. Let o = x - 23. What is the greatest common divisor of o and 91?
13
Let q = -18 - -30. Let r = 498 + -200. Suppose r - 58 = 5*h. What is the greatest common divisor of h and q?
12
Let i = 61 + -16. Calculate the greatest common divisor of i and 18.
9
Suppose 0 = 2*k - 1 - 7, -3*u + 5*k - 65 = 0. Suppose 4*a - 47 + 6 = 5*h, 24 = -3*h + 3*a. Let t = h - u. Calculate the highest common factor of 48 and t.
6
Let s(o) = o**3 - 5*o**2 - 3*o - 6. Let z = -11 - -17. Let k be s(z). Let a be (6/(-8))/(1/(-16)). What is the greatest common factor of a and k?
12
Let j be (-150)/(-54) + (-4)/(-18). Suppose 0 = 3*d - 4*b - 62 - 107, 0 = -j*d + b + 166. Calculate the highest common factor of d and 5.
5
Let z be (3 - 3) + 2 + 2. Let y = 3 + z. What is the greatest common factor of y and 28?
7
Suppose 3*q - 2*q - 52 = 0. Let k be (q/6)/((-10)/(-15)). Calculate the greatest common factor of 52 and k.
13
Let v = 14 - -31. Suppose 6*y - y = v. What is the highest common divisor of 99 and y?
9
Let f = 1 - -6. Suppose -1 = -4*m + f. Let r(h) = -h**3 - 5*h**2 - 5*h - 3. Let o be r(-5). What is the highest common divisor of m and o?
2
Suppose 3*a - 354 = -2*f, 0 = 2*f + 2*a - 151 - 205. What is the greatest common divisor of 20 and f?
20
Let l = -98 + 153. Calculate 